Let b be g(41). Is ((-12)/(b + 2))/((-9)/4191) a composite number?
True
Let a = 34759 - 18296. Suppose 0 = -19*d + 24*d + 3*h - a, -d - 4*h = -3279. Is d composite?
True
Suppose 0 = -5*s - 21 - 14. Let d(t) = 5*t + 9 + 4*t + 29*t**2 - 10*t. Is d(s) composite?
True
Let n be (-2 + (2 - 1))*(-1 - 3). Suppose -n*w + 24425 = 5*g, -5*g = -2*w + 3*w - 24425. Suppose 2*u - 2*z - 3*z = 1954, 5*u = -2*z + g. Is u a prime number?
True
Suppose 4*m = -x + 4024, -6*x + 2*x + 3005 = 3*m. Let p = 5226 + m. Is p composite?
True
Let k(b) = 6619*b - 4550. Is k(129) a prime number?
True
Let t(h) = 60*h**3 - 2*h**2 - h - 3. Let d be t(3). Let p = d + -646. Suppose 457 = 3*m - p. Is m a prime number?
False
Is (-6)/(-6)*-21118*(189/18 + -11) a composite number?
False
Suppose 2*z - 2*w - w - 42 = 0, -3*z = 5*w - 44. Let y = -14 + z. Is ((-3377)/(-22))/(2/y) composite?
False
Suppose 0 = -6*h + 7 + 5. Suppose -2*b - 2 = -2*n, 22 = -h*b - 2*n - n. Is 1*(b + 4)*-4271 a composite number?
False
Let p be ((-4)/(-14))/(5/175). Let d(u) = 138*u + 274. Let y be d(15). Suppose 2*r + y = p*r. Is r a composite number?
False
Let b = 132 - 135. Let n(s) = 1420*s**2 + 8. Let u be n(b). Suppose 0 = -6*l + 3130 + u. Is l composite?
True
Let c(d) = -533*d - 3. Let n be (-2)/5 + 6/(-10). Let f be c(n). Suppose -2*m + f = 2*r, 3*m - 4*r = -m + 1092. Is m prime?
True
Suppose 583512 = -352*b + 360*b. Suppose 5*c + 8*g = 10*g + b, -3*g = c - 14581. Is c a composite number?
True
Suppose 8*g + 27578 = 213426. Suppose -c - 2*p = -7047, -4*c - p + 4929 = -g. Is c composite?
False
Suppose -5443*h = -5437*h - 1174062. Is h a prime number?
True
Suppose -v + 3*m + 15 = 0, 3*v - 22 - 3 = -m. Is v*(-7)/21 + 1012 composite?
False
Let b = -111706 + 618749. Is b composite?
True
Suppose -21673677 = 43*d - 172*d. Is d a composite number?
False
Let s be ((-12)/20)/(8/10)*4. Let k be (4*(-3)/(-9) - -2)*s. Is 2 - (9766/k + (-6)/15) a prime number?
False
Let m = -49 - -49. Suppose o = 5*n - 18, 5*n - 27 = -m*o + 4*o. Suppose 1329 = 3*y + n*z, 0 = -y - 5*z + z + 443. Is y prime?
True
Let j = -30756 + 55327. Is j prime?
True
Suppose b + 5*c = 2356, 0 = 57*b - 61*b + 2*c + 9490. Is b a prime number?
True
Let z(w) = -18849*w + 2876. Is z(-75) prime?
True
Let g(z) = 2182*z + 91. Let a be g(4). Suppose -14*h + a + 3879 = 0. Is h composite?
False
Let a = -12312 - -20455. Is a composite?
True
Suppose -23711520 = -75*n + 1234554 - 567849. Is n composite?
False
Let y = 13 + 5. Suppose 0 = 4*t + 3*v + 186 - 14, -3*t = -3*v + 108. Let o = y - t. Is o a composite number?
True
Let r be (-1 - (10 + 1)) + 1. Let d(x) be the second derivative of -49*x**3/6 + x**2 + 25*x + 2. Is d(r) a prime number?
True
Let j = 52089 - -140842. Is j prime?
True
Is ((-315)/(-1))/(-21) - -149614 prime?
False
Let i(m) = -211*m - 1902. Is i(-11) composite?
False
Let l be (-4)/1 + 1 + 5. Let g be (-38)/12 - (l - (-65)/(-30)). Is ((-32166)/24)/g - (-1)/4 a composite number?
True
Let x(a) = 640*a**2 - 21*a - 42. Is x(19) composite?
True
Let d = -14548 + 40589. Is d a prime number?
True
Suppose -13 = -59*h + 72*h. Is 105690 - 50 - (2 - h) composite?
True
Let z(q) = 868*q**2 + 114*q + 745. Is z(-6) a prime number?
False
Suppose -x - 47 = 5*g, -6*g - x = -2*g + 38. Is -3*-1*(-17907)/g a composite number?
True
Suppose 219266 = 2262*c - 2260*c. Is c composite?
True
Let g = 49 - 50. Let j be -1 + g - 1912/(12/(-3)). Suppose q = 111 + j. Is q composite?
False
Suppose -6*d = -5*c - 3*d + 12754, 5*c - 5*d - 12760 = 0. Suppose 0 = 5*u - c - 7176. Suppose 0 = -9*h + 341 + u. Is h prime?
False
Let w(x) = -5*x + 33. Let i be w(6). Suppose -j - 4*a + 73 = 0, 8*j + i*a - 450 = 3*j. Let t = j - -858. Is t composite?
True
Let b(a) = -8*a**3 + 2*a**2 + 12*a - 11. Let y be b(5). Let c be y/6 + 6/36. Let z = 1385 - c. Is z composite?
True
Let i be 2 + 4 + (-3)/1. Let x = 7 - i. Suppose 0 = -3*l - 3*t - t + 229, x*t - 158 = -2*l. Is l composite?
False
Suppose -5*f + 7*q = 2*q - 346820, 3*f + 3*q - 208122 = 0. Suppose -5*c - 2*m = -f, -16*c = -19*c - m + 41621. Is c composite?
False
Let w = -181 + 180. Is 6*(-7)/(-21) + (2764 - w) a prime number?
True
Suppose 2*d - 69*s = -74*s + 45701, -5*d - 4*s + 114261 = 0. Is d a composite number?
False
Let v = 17 - 241. Suppose 62*b - 57*b - 70 = 0. Is 2/b - 393984/v a composite number?
False
Let d(x) = -x**2 - 7*x + 4. Let s be d(-7). Let i(j) = -6458*j + 4. Let o be i(s). Is o/(-12) + 4/6 composite?
False
Let v(p) = 1012*p**2 - 52*p + 207. Is v(5) a composite number?
False
Let f be 2/(-5)*5/4*4. Let s be (2*f)/(0 - 10/5). Is (s - 5)*(-434)/6 a composite number?
True
Let b = 1107204 + -593647. Is b a prime number?
False
Suppose -25*b + 3898934 = -34*b + 35*b. Is b a prime number?
False
Let g(j) = -27171*j + 242. Let b be g(-12). Suppose b + 2091809 = 47*p. Is p composite?
False
Suppose 20*m + 58*m = 20*m + 563876. Is m prime?
False
Suppose -5*t = 4*u - 2880567, 0 = t - 4772*u + 4770*u - 576105. Is t a composite number?
True
Let i(p) be the first derivative of 655*p**2/2 + 51*p - 92. Is i(2) a composite number?
False
Let t(g) = -30360*g - 12347. Is t(-7) composite?
True
Suppose -4*v = 9 - 9. Let s(t) = 10*t**2 - 5*t - 13*t + 0*t + 1 + v*t**2. Is s(-8) a prime number?
False
Suppose 0 = 2*h + i - 199, 0*i - 101 = -h - i. Let u = 2417 - h. Is u a composite number?
True
Let r(a) = 1690*a - 31. Let i = 496 + -493. Is r(i) prime?
True
Let z be -5380*(27/(-6))/(-9). Let a = 5149 + z. Is a a composite number?
False
Let h(g) = g**3 - 5*g**2 + 3*g + 2. Let l be h(5). Suppose -3*z + l = -d, 0*z - z = -5*d - 15. Suppose 712 = 3*y + z*j, 2 = 5*j + 7. Is y prime?
True
Suppose 1224695 - 2326110 = -51*h + 1285436. Is h a composite number?
True
Is (-3 - (-2 + -2)) + (-21)/(147/(-14791000)) a prime number?
False
Let a = 5691 + -2076. Suppose 4*c - a = -c. Let b = c + -329. Is b a composite number?
True
Is (-20)/18 + 1799253/729 a prime number?
True
Let d be 3*3/3*1. Suppose -g = -d*l - 5*g + 18, -3*l - 3*g + 18 = 0. Is l/(-3)*2954/(-4) prime?
False
Let b(r) = -12845*r - 1862. Is b(-9) prime?
False
Suppose -g = -8*w + 3*w - 137298, 0 = -5*w - 25. Is g prime?
True
Let w(x) = x**3 + 6*x**2 + 2*x - 7. Let y be w(-5). Let v be -1*(-2)/2*y. Is -4 + (-4)/(v/(-262)) a prime number?
True
Suppose 75*z + 996257 = 76*z + q, 4*q = -3*z + 2988775. Is z prime?
True
Let p be 2 - ((-2)/(-2))/((-11)/407). Let f = -34 + p. Suppose -f*m + 2254 = 9*m. Is m a prime number?
False
Suppose -5*k + 11 = -4. Suppose -s + 30 = 5*b, 5*b - 30 = -6*s + k*s. Let o(f) = 4*f**2 + 7*f - 27. Is o(b) a composite number?
True
Is 83 + 17098 - (-30)/(12/4) a composite number?
False
Suppose 2*n - 10 = 0, -n = 10*z - 14*z - 33. Let k(p) = 34*p**2 + 15*p + 58. Is k(z) composite?
False
Let s = -409357 + 723312. Is s a prime number?
False
Let k(b) = -b + 21*b + 38 - 5*b - 2*b**2. Let v(d) = -d**2 + 7*d + 19. Let y(u) = -3*k(u) + 5*v(u). Is y(-18) composite?
True
Let n = 16 + -11. Suppose n*u + 7*y - 11*y = 56033, 4*y = -2*u + 22430. Is u prime?
False
Is (-25739461)/(-23)*(-7)/(-77) a prime number?
True
Suppose -4*b + 2 = -2*o, 2*o - b - 7 = -0*b. Suppose 0 = o*z - 26*z + 9597. Is z a prime number?
True
Let f be -1 - (4 + -38 - -4). Suppose -26 = -2*s + 2*t, -4*t + f = 5*s - 0*t. Suppose s*b = 5*b - 5*a + 4624, -a + 4 = 0. Is b a composite number?
False
Let p be -17*(-10*1 - 1). Suppose -4*g + 5*i - 26 + p = 0, g = 4*i + 54. Is g/(-4)*(1 + -7) prime?
False
Let q be (-1)/(4/(-16)) + 10. Let x(d) = 4*d**2 - 12*d + 17. Is x(q) a prime number?
False
Suppose 2*u - 6*u + 1380 = 0. Suppose -7*r + 9*r = -108. Let g = r + u. Is g a prime number?
False
Suppose 2*h + 2 = -j - 2, -34 = -4*j + 2*h. Suppose -n - z = -j*z - 23618, 3*n - 5*z = 70824. Is n a prime number?
True
Suppose 8*s - 6*s + m = 25382, 12 = 3*m. Is s a prime number?
True
Let w(b) = -2746*b**3 + 2*b + 3. Is w(-1) a prime number?
False
Let q(u) = -2*u**3 - 8*u**2 + 5*u + 21. Let i(j) = -6*j - 22. Suppose 0 = 14*x + 27 + 1. Let a be i(x). Is q(a) prime?
True
Let d = -231 - -1102. Let i = d - 74. Is i prime?
True
Let v(p) = -2 + 67*p**2 + 0 + 7*p + 234*p**2 + 3 + 4. Let i = -1 + -1. Is v(i) a composite number?
True
Let m(b) = 33994*b**2 + 28*b + 49. Is m(-3) a prime number?
False
Suppose -4*r + 61930 = 3*o, -46439 = -3*r + o + o. Let j = -